{"id":18,"date":"2016-07-04T14:33:11","date_gmt":"2016-07-04T13:33:11","guid":{"rendered":"http:\/\/www.malothouement.com\/?page_id=18"},"modified":"2020-05-26T11:23:57","modified_gmt":"2020-05-26T10:23:57","slug":"a-propos-about","status":"publish","type":"page","link":"https:\/\/www.malothouement.com\/?page_id=18","title":{"rendered":"\u00c0 propos \/About"},"content":{"rendered":"\n<div class=\"wp-block-image\"><figure class=\"alignright size-large\"><img decoding=\"async\" width=\"163\" height=\"250\" src=\"http:\/\/www.malothouement.com\/wp-content\/uploads\/2020\/05\/208530_6321787943_4774_n.jpg\" alt=\"\" class=\"wp-image-315\"\/><\/figure><\/div>\n\n\n<p>Dipl\u00f4m\u00e9 de&nbsp; l&#8217;ENS Louis Lumi\u00e8re en 2008, j&#8217;ai entam\u00e9 une carri\u00e8re de perchman en fiction sur de nombreux films, s\u00e9ries ou t\u00e9l\u00e9films, en France et ailleurs, avec des chefs op\u00e9rateurs du son de talent. Je commence aussi \u00e0 faire mon chemin en temps que chef op\u00e9rateur du son sur de nombreux courts-m\u00e9trage et documentaires. J&#8217;en assure parfois aussi le montage son et la musique.<\/p>\n<p>En parall\u00e8le, j&#8217;accompagne des artistes pour des installations artistiques, de cr\u00e9ations th\u00e9\u00e2trale, des expositions photographiques en leur proposant des cr\u00e9ations sonores et musicales, des sc\u00e9nographies sonores.<\/p>\n<p>Je collabore avec des groupes de musique pour l&#8217;enregistrement, le mixage, la sonorisation de concerts.<\/p>\n<p>Je suis aussi passionn\u00e9 de voile, ai \u00e9t\u00e9 moniteur de voile EFV, mais ne pratique h\u00e9las plus assez.<\/p>\n<p>&#8211;&gt;Ma page&nbsp; <a href=\"http:\/\/www.imdb.com\/name\/nm2736289\/?ref_=fn_al_nm_1\" target=\"_blank\" rel=\"noopener noreferrer\">IMDB<\/a><\/p>","protected":false},"excerpt":{"rendered":"<p>Dipl\u00f4m\u00e9 de&nbsp; l&#8217;ENS Louis Lumi\u00e8re en 2008, j&#8217;ai entam\u00e9 une carri\u00e8re de perchman en fiction sur de nombreux films, s\u00e9ries ou t\u00e9l\u00e9films, en France et ailleurs, avec des chefs op\u00e9rateurs du son de talent. Je commence aussi \u00e0 faire mon chemin en temps que chef op\u00e9rateur du son sur de nombreux courts-m\u00e9trage et documentaires. J&#8217;en [&hellip;]<\/p>\n","protected":false},"author":1,"featured_media":0,"parent":0,"menu_order":0,"comment_status":"closed","ping_status":"closed","template":"","meta":{"_vp_format_video_url":"","_vp_image_focal_point":[],"footnotes":""},"class_list":["post-18","page","type-page","status-publish","hentry"],"acf":[],"_links":{"self":[{"href":"https:\/\/www.malothouement.com\/index.php?rest_route=\/wp\/v2\/pages\/18","targetHints":{"allow":["GET"]}}],"collection":[{"href":"https:\/\/www.malothouement.com\/index.php?rest_route=\/wp\/v2\/pages"}],"about":[{"href":"https:\/\/www.malothouement.com\/index.php?rest_route=\/wp\/v2\/types\/page"}],"author":[{"embeddable":true,"href":"https:\/\/www.malothouement.com\/index.php?rest_route=\/wp\/v2\/users\/1"}],"replies":[{"embeddable":true,"href":"https:\/\/www.malothouement.com\/index.php?rest_route=%2Fwp%2Fv2%2Fcomments&post=18"}],"version-history":[{"count":7,"href":"https:\/\/www.malothouement.com\/index.php?rest_route=\/wp\/v2\/pages\/18\/revisions"}],"predecessor-version":[{"id":317,"href":"https:\/\/www.malothouement.com\/index.php?rest_route=\/wp\/v2\/pages\/18\/revisions\/317"}],"wp:attachment":[{"href":"https:\/\/www.malothouement.com\/index.php?rest_route=%2Fwp%2Fv2%2Fmedia&parent=18"}],"curies":[{"name":"wp","href":"https:\/\/api.w.org\/{rel}","templated":true}]}}